f 1169 and 436289.
7
What is the greatest common factor of 379188 and 216?
108
What is the highest common factor of 216 and 105819768?
72
Calculate the highest common divisor of 91644760 and 40.
40
Calculate the highest common factor of 219 and 95736.
3
Calculate the highest common divisor of 9039549 and 795433.
2957
What is the highest common factor of 12607 and 25968619?
1801
What is the greatest common divisor of 19050740 and 4030?
310
Calculate the greatest common factor of 55 and 493898515.
55
Calculate the highest common divisor of 48880768 and 114.
38
What is the highest common factor of 39 and 10705526?
13
What is the greatest common factor of 196 and 20039932?
4
What is the highest common divisor of 1550 and 490978?
62
What is the greatest common factor of 10883 and 384420209?
10883
Calculate the greatest common factor of 1469472 and 1680.
48
Calculate the highest common divisor of 253189392 and 856.
856
What is the greatest common divisor of 171 and 9128037?
57
What is the highest common factor of 241000 and 4744?
8
Calculate the greatest common divisor of 3333 and 11275.
11
Calculate the highest common factor of 82762411 and 4846.
2423
Calculate the highest common divisor of 85 and 14599396.
17
What is the highest common divisor of 55920 and 1212765?
3495
What is the highest common factor of 30313251 and 2160?
27
Calculate the greatest common factor of 182 and 464744.
14
What is the greatest common factor of 3125 and 5475500?
125
Calculate the highest common factor of 42 and 393773694.
6
What is the greatest common divisor of 1419957 and 7931?
77
What is the highest common factor of 29792 and 38768?
16
Calculate the greatest common divisor of 48639934 and 14.
14
What is the greatest common factor of 53 and 4341283?
53
What is the highest common factor of 68704776 and 1176?
168
What is the highest common divisor of 3773682 and 1188?
594
What is the greatest common factor of 30 and 6722742?
6
What is the greatest common factor of 2053863 and 4914?
189
Calculate the greatest common factor of 7495200 and 12600.
1800
What is the greatest common factor of 3192 and 49817544?
3192
What is the highest common factor of 60 and 1240220?
20
Calculate the highest common divisor of 1636690 and 9130.
110
Calculate the greatest common divisor of 11800 and 667900.
100
What is the highest common divisor of 240 and 7823355?
15
What is the greatest common divisor of 56441835 and 14715?
4905
What is the highest common factor of 669 and 12264108?
669
What is the greatest common factor of 20540 and 5880602?
2054
What is the highest common factor of 1890 and 363150?
270
Calculate the greatest common divisor of 202 and 24927911.
101
Calculate the highest common divisor of 144 and 50767392.
48
What is the greatest common factor of 25938597 and 694?
347
Calculate the highest common divisor of 367 and 954910145.
367
Calculate the highest common factor of 109514608 and 88582.
6814
Calculate the highest common divisor of 1616732 and 2340.
52
Calculate the highest common divisor of 3368265 and 165.
15
Calculate the greatest common factor of 2005 and 4118671.
401
What is the highest common divisor of 914287 and 2200?
11
What is the highest common factor of 1037757742 and 7?
7
What is the greatest common factor of 498 and 1316961?
249
Calculate the greatest common factor of 87 and 4855673.
29
What is the highest common divisor of 70323111 and 10145?
2029
What is the greatest common divisor of 1899043 and 1378?
53
Calculate the highest common divisor of 242943904 and 84.
28
Calculate the greatest common factor of 161209 and 10583153.
4357
Calculate the highest common divisor of 148187919 and 18975.
759
What is the highest common factor of 2143425 and 5725?
25
What is the greatest common divisor of 40940404 and 283906?
5794
Calculate the highest common factor of 1341156 and 14016.
876
What is the highest common divisor of 27761 and 4544?
71
Calculate the highest common divisor of 7811375 and 213655.
1235
Calculate the highest common factor of 656164 and 20828.
164
What is the greatest common factor of 4781 and 6489866?
683
What is the highest common divisor of 1278 and 30548957?
71
What is the highest common divisor of 93667470 and 3510?
390
What is the highest common factor of 2489249 and 47138?
1813
Calculate the greatest common factor of 7799 and 1893739.
709
Calculate the greatest common divisor of 3425 and 246000.
25
What is the greatest common divisor of 9348 and 263454?
114
Calculate the highest common factor of 303223 and 3655711.
3407
Calculate the highest common factor of 50138 and 12274694.
4558
What is the greatest common factor of 6965 and 1522549?
1393
Calculate the greatest common factor of 747 and 15023083.
83
What is the highest common factor of 108299 and 127761?
37
Calculate the highest common divisor of 4120 and 1462840.
40
What is the greatest common factor of 395 and 7186077?
79
Calculate the greatest common factor of 6218239 and 6821.
359
What is the greatest common divisor of 19925758 and 17873?
293
Calculate the greatest common factor of 45 and 23450220.
45
Calculate the highest common factor of 3888 and 66632.
8
Calculate the greatest common divisor of 55612917 and 27.
9
What is the greatest common divisor of 62604 and 348?
12
Calculate the greatest common divisor of 35236 and 2790452.
92
Calculate the greatest common factor of 3947 and 206574139.
3947
Calculate the highest common divisor of 15 and 153016935.
15
Calculate the greatest common divisor of 257 and 2731.
1
What is the highest common divisor of 4202 and 3534073?
191
What is the greatest common factor of 1666927 and 57?
19
Calculate the greatest common factor of 141089213 and 12623.
971
What is the highest common divisor of 222331 and 10927?
223
Calculate the greatest common factor of 5580016 and 27820.
52
Calculate the highest common divisor of 6924643 and 242.
11
Calculate the greatest common divisor of 25 and 2316850.
25
Calculate the greatest common factor of 294300 and 12740.
20
Calculate the highest common divisor of 89 and 1338804127.
89
What is the greatest common factor of 11537 and 264189?
83
What is the greatest common factor of 3052 and 8987704?
436
Calculate the highest common divisor of 184255 and 62995.
215
What is the highest common factor of 12288 and 8856?
24
Calculate the greatest common divisor of 2 and 25112242.
2
What is the highest common factor of 554 and 4754?
2
Calculate the greatest common factor of 3493 and 770889.
7
What is the highest common factor of 2204 and 6370111?
551
What is the highest common divisor of 663220 and 31940?
20
What is the highest common factor of 242 and 166236070?
22
Calculate the highest common divisor of 328 and 80965816.
328
Calculate the greatest common factor of 3669156 and 36.
36
What is the greatest common divisor of 14765778 and 72?
18
What is the greatest common factor of 142832 and 179896?
904
Calculate the greatest common factor of 70987070 and 986.
986
Calculate the greatest common divisor of 22356541 and 1351.
193
What is the highest common factor of 1592136 and 17199?
2457
Calculate the greatest common factor of 796 and 65288716.
796
Calculate the greatest common divisor of 153 and 351972.
9
Calculate the greatest common factor of 88711855 and 285.
95
Calculate the highest common factor of 7044384 and 864.
96
Calculate the greatest common divisor of 8295 and 1458735.
1185
Calculate the greatest common factor of 4354365 and 16050.
1605
What is the greatest common divisor of 4259915 and 730?
365
What is the greatest common factor of 461864 and 1872?
104
Calculate the greatest common factor of 66879900 and 450.
450
Calculate the highest common factor of 5404 and 255182284.
5404
What is the greatest common divisor of 9 and 383250?
3
Calculate the greatest common divisor of 12956336 and 72.
8
What is the highest common divisor of 191130 and 142140?
690
What is the highest common factor of 22415513 and 2188?
547
What is the highest common divisor of 386 and 7986919?
193
Calculate the highest common divisor of 2106118 and 3479.
49
Calculate the highest common divisor of 935823834 and 1698.
1698
What is the highest common factor of 260131009 and 958?
479
What is the greatest common factor of 2848 and 121464263?
89
What i